{"id":3132,"date":"2023-09-29T12:56:12","date_gmt":"2023-09-29T15:56:12","guid":{"rendered":"https:\/\/tiendatool.com\/index.php\/product\/escarificador-c-ruedas-combisystem-03395-20-3u\/"},"modified":"2024-10-14T14:01:45","modified_gmt":"2024-10-14T17:01:45","slug":"escarificador-c-ruedas-combisystem-03395-20-3u","status":"publish","type":"product","link":"https:\/\/tiendatool.com\/index.php\/product\/escarificador-c-ruedas-combisystem-03395-20-3u\/","title":{"rendered":"Escarificador c\/ruedas Combisystem &#8211; 03395-20 (3u)"},"content":{"rendered":"<section class=\"wpb-content-wrapper\">[vc_row]            [vc_column]            [vc_single_image source=\u00bbexternal_link\u00bb custom_src=\u00bbhttps:\/\/cdn.rumbosrl.com.ar\/uploads\/brands\/logo-gardena.svg\u00bb]                                [vc_column_text]                    Con el escarificador con ruedas combisystem GARDENA puede eliminar el musgo, la paja y las malas hierbas del c\u00e9sped. Mejora la absorci\u00f3n de aire, agua y nutrientes del c\u00e9sped. Las cuchillas especiales con partes posteriores deslizantes de acero inoxidable de alto grado penetran varios mil\u00edmetros y eliminan las hierbas y el c\u00e9sped muerto de la tierra. Las robustas ruedas, con dibujo especial y un eje de apoyo, facilitan el trabajo. El escarificador con ruedas es adecuado para todos los mangos combisystem, por lo que GARDENA recomienda entre otros una longitud de mango de 150 cm, dependiendo de la altura del cuerpo. El periodo de garant\u00eda es de 25 a\u00f1os. Consejo: La escarificaci\u00f3n es un tratamiento intensivo del c\u00e9sped que se recomienda realizar en primavera y oto\u00f1o.                [\/vc_column_text]            [\/vc_column]        [\/vc_row]        [vc_row]            [vc_column]                [vc_column_text]                    <\/p>\n<h3>Especificaciones Tecnicas<\/h3>\n<p>                    <strong>Ancho<\/strong>: 32 cm<br \/><strong>Longitud de mango recomendado<\/strong>: 150 cm                [\/vc_column_text]            [\/vc_column]        [\/vc_row]        [vc_row]            [vc_column]                [vc_column_text]                    <\/p>\n<h3>Videos<\/h3>\n<p>                [\/vc_column_text]                [vc_video link=\u00bbhttps:\/\/www.youtube.com\/watch?v=_wK8IEUdatI\u00bb][vc_video link=\u00bbhttps:\/\/www.youtube.com\/watch?v=-77Brg0LTpc\u00bb][vc_video link=\u00bbhttps:\/\/www.youtube.com\/watch?v=gTHF4Wb3nas\u00bb][vc_video link=\u00bbhttps:\/\/www.youtube.com\/watch?v=2HPfj-zkuhc\u00bb]            [\/vc_column]        [\/vc_row]        [vc_row]            [vc_column]                [vc_column_text]                    <\/p>\n<h3>Descargas<\/h3>\n<p>                    <a target=\"_blank\" href=\"https:\/\/www.rumbosrl.com.ar\/printficha.php?product_id=360\" rel=\"noopener\">Ficha t\u00e9cnica<\/a><br \/><a target=\"_blank\" href=\"https:\/\/cdn.rumbosrl.com.ar\/uploads\/resources\/20210511_153017_01.mp4\" rel=\"noopener\"><\/a><br \/><a target=\"_blank\" href=\"https:\/\/cdn.rumbosrl.com.ar\/uploads\/resources\/GARDENA-Combisystem-La-herramienta-para-cada-estacion.mp4\" rel=\"noopener\"><\/a><br \/><a target=\"_blank\" href=\"https:\/\/cdn.rumbosrl.com.ar\/uploads\/resources\/gardena-suelo-tips-x1350.mp4\" rel=\"noopener\"><\/a><br \/><a target=\"_blank\" href=\"https:\/\/cdn.rumbosrl.com.ar\/uploads\/resources\/posteo-mantenimiento-cesped-lq.mp4\" rel=\"noopener\"><\/a>                [\/vc_column_text]            [\/vc_column]        [\/vc_row]\n<\/section>","protected":false},"excerpt":{"rendered":"<p>Con el escarificador con ruedas combisystem GARDENA puede eliminar el musgo, la paja y las malas hierbas del c\u00e9sped<\/p>\n","protected":false},"featured_media":4479,"template":"","meta":{"_acf_changed":false},"product_cat":[216,316,232],"product_tag":[],"yoast_head":"<!-- This site is optimized with the Yoast SEO plugin v23.5 - https:\/\/yoast.com\/wordpress\/plugins\/seo\/ -->\n<title>Escarificador c\/ruedas Combisystem - 03395-20 (3u) - Tienda Tool<\/title>\n<meta name=\"robots\" content=\"index, follow, max-snippet:-1, max-image-preview:large, max-video-preview:-1\" \/>\n<link rel=\"canonical\" href=\"https:\/\/tiendatool.com\/index.php\/product\/escarificador-c-ruedas-combisystem-03395-20-3u\/\" \/>\n<meta property=\"og:locale\" content=\"es_ES\" \/>\n<meta property=\"og:type\" content=\"article\" \/>\n<meta property=\"og:title\" content=\"Escarificador c\/ruedas Combisystem - 03395-20 (3u) - Tienda Tool\" \/>\n<meta property=\"og:description\" content=\"Con el escarificador con ruedas combisystem GARDENA puede eliminar el musgo, la paja y las malas hierbas del c\u00e9sped\" \/>\n<meta property=\"og:url\" content=\"https:\/\/tiendatool.com\/index.php\/product\/escarificador-c-ruedas-combisystem-03395-20-3u\/\" \/>\n<meta property=\"og:site_name\" content=\"Tienda Tool\" \/>\n<meta property=\"article:modified_time\" content=\"2024-10-14T17:01:45+00:00\" \/>\n<meta property=\"og:image\" content=\"https:\/\/tiendatool.com\/wp-content\/uploads\/2023\/12\/0339520.png\" \/>\n\t<meta property=\"og:image:width\" content=\"600\" \/>\n\t<meta property=\"og:image:height\" content=\"600\" \/>\n\t<meta property=\"og:image:type\" content=\"image\/png\" \/>\n<meta name=\"twitter:card\" content=\"summary_large_image\" \/>\n<meta name=\"twitter:label1\" content=\"Tiempo de lectura\" \/>\n\t<meta name=\"twitter:data1\" content=\"1 minuto\" \/>\n<script type=\"application\/ld+json\" class=\"yoast-schema-graph\">{\"@context\":\"https:\/\/schema.org\",\"@graph\":[{\"@type\":\"WebPage\",\"@id\":\"https:\/\/tiendatool.com\/index.php\/product\/escarificador-c-ruedas-combisystem-03395-20-3u\/\",\"url\":\"https:\/\/tiendatool.com\/index.php\/product\/escarificador-c-ruedas-combisystem-03395-20-3u\/\",\"name\":\"Escarificador c\/ruedas Combisystem - 03395-20 (3u) - Tienda Tool\",\"isPartOf\":{\"@id\":\"https:\/\/tiendatool.com\/#website\"},\"primaryImageOfPage\":{\"@id\":\"https:\/\/tiendatool.com\/index.php\/product\/escarificador-c-ruedas-combisystem-03395-20-3u\/#primaryimage\"},\"image\":{\"@id\":\"https:\/\/tiendatool.com\/index.php\/product\/escarificador-c-ruedas-combisystem-03395-20-3u\/#primaryimage\"},\"thumbnailUrl\":\"https:\/\/tiendatool.com\/wp-content\/uploads\/2023\/12\/0339520.png\",\"datePublished\":\"2023-09-29T15:56:12+00:00\",\"dateModified\":\"2024-10-14T17:01:45+00:00\",\"breadcrumb\":{\"@id\":\"https:\/\/tiendatool.com\/index.php\/product\/escarificador-c-ruedas-combisystem-03395-20-3u\/#breadcrumb\"},\"inLanguage\":\"es\",\"potentialAction\":[{\"@type\":\"ReadAction\",\"target\":[\"https:\/\/tiendatool.com\/index.php\/product\/escarificador-c-ruedas-combisystem-03395-20-3u\/\"]}]},{\"@type\":\"ImageObject\",\"inLanguage\":\"es\",\"@id\":\"https:\/\/tiendatool.com\/index.php\/product\/escarificador-c-ruedas-combisystem-03395-20-3u\/#primaryimage\",\"url\":\"https:\/\/tiendatool.com\/wp-content\/uploads\/2023\/12\/0339520.png\",\"contentUrl\":\"https:\/\/tiendatool.com\/wp-content\/uploads\/2023\/12\/0339520.png\",\"width\":600,\"height\":600},{\"@type\":\"BreadcrumbList\",\"@id\":\"https:\/\/tiendatool.com\/index.php\/product\/escarificador-c-ruedas-combisystem-03395-20-3u\/#breadcrumb\",\"itemListElement\":[{\"@type\":\"ListItem\",\"position\":1,\"name\":\"Portada\",\"item\":\"https:\/\/tiendatool.com\/\"},{\"@type\":\"ListItem\",\"position\":2,\"name\":\"Shop\",\"item\":\"https:\/\/tiendatool.com\/index.php\/shop\/\"},{\"@type\":\"ListItem\",\"position\":3,\"name\":\"Escarificador c\/ruedas Combisystem &#8211; 03395-20 (3u)\"}]},{\"@type\":\"WebSite\",\"@id\":\"https:\/\/tiendatool.com\/#website\",\"url\":\"https:\/\/tiendatool.com\/\",\"name\":\"Tienda Tool\",\"description\":\"Todo el equipamiento que necesitas en Tienda Tool.\",\"alternateName\":\"Tienda Tool\",\"potentialAction\":[{\"@type\":\"SearchAction\",\"target\":{\"@type\":\"EntryPoint\",\"urlTemplate\":\"https:\/\/tiendatool.com\/?s={search_term_string}\"},\"query-input\":{\"@type\":\"PropertyValueSpecification\",\"valueRequired\":true,\"valueName\":\"search_term_string\"}}],\"inLanguage\":\"es\"}]}<\/script>\n<!-- \/ Yoast SEO plugin. -->","yoast_head_json":{"title":"Escarificador c\/ruedas Combisystem - 03395-20 (3u) - Tienda Tool","robots":{"index":"index","follow":"follow","max-snippet":"max-snippet:-1","max-image-preview":"max-image-preview:large","max-video-preview":"max-video-preview:-1"},"canonical":"https:\/\/tiendatool.com\/index.php\/product\/escarificador-c-ruedas-combisystem-03395-20-3u\/","og_locale":"es_ES","og_type":"article","og_title":"Escarificador c\/ruedas Combisystem - 03395-20 (3u) - Tienda Tool","og_description":"Con el escarificador con ruedas combisystem GARDENA puede eliminar el musgo, la paja y las malas hierbas del c\u00e9sped","og_url":"https:\/\/tiendatool.com\/index.php\/product\/escarificador-c-ruedas-combisystem-03395-20-3u\/","og_site_name":"Tienda Tool","article_modified_time":"2024-10-14T17:01:45+00:00","og_image":[{"width":600,"height":600,"url":"https:\/\/tiendatool.com\/wp-content\/uploads\/2023\/12\/0339520.png","type":"image\/png"}],"twitter_card":"summary_large_image","twitter_misc":{"Tiempo de lectura":"1 minuto"},"schema":{"@context":"https:\/\/schema.org","@graph":[{"@type":"WebPage","@id":"https:\/\/tiendatool.com\/index.php\/product\/escarificador-c-ruedas-combisystem-03395-20-3u\/","url":"https:\/\/tiendatool.com\/index.php\/product\/escarificador-c-ruedas-combisystem-03395-20-3u\/","name":"Escarificador c\/ruedas Combisystem - 03395-20 (3u) - Tienda Tool","isPartOf":{"@id":"https:\/\/tiendatool.com\/#website"},"primaryImageOfPage":{"@id":"https:\/\/tiendatool.com\/index.php\/product\/escarificador-c-ruedas-combisystem-03395-20-3u\/#primaryimage"},"image":{"@id":"https:\/\/tiendatool.com\/index.php\/product\/escarificador-c-ruedas-combisystem-03395-20-3u\/#primaryimage"},"thumbnailUrl":"https:\/\/tiendatool.com\/wp-content\/uploads\/2023\/12\/0339520.png","datePublished":"2023-09-29T15:56:12+00:00","dateModified":"2024-10-14T17:01:45+00:00","breadcrumb":{"@id":"https:\/\/tiendatool.com\/index.php\/product\/escarificador-c-ruedas-combisystem-03395-20-3u\/#breadcrumb"},"inLanguage":"es","potentialAction":[{"@type":"ReadAction","target":["https:\/\/tiendatool.com\/index.php\/product\/escarificador-c-ruedas-combisystem-03395-20-3u\/"]}]},{"@type":"ImageObject","inLanguage":"es","@id":"https:\/\/tiendatool.com\/index.php\/product\/escarificador-c-ruedas-combisystem-03395-20-3u\/#primaryimage","url":"https:\/\/tiendatool.com\/wp-content\/uploads\/2023\/12\/0339520.png","contentUrl":"https:\/\/tiendatool.com\/wp-content\/uploads\/2023\/12\/0339520.png","width":600,"height":600},{"@type":"BreadcrumbList","@id":"https:\/\/tiendatool.com\/index.php\/product\/escarificador-c-ruedas-combisystem-03395-20-3u\/#breadcrumb","itemListElement":[{"@type":"ListItem","position":1,"name":"Portada","item":"https:\/\/tiendatool.com\/"},{"@type":"ListItem","position":2,"name":"Shop","item":"https:\/\/tiendatool.com\/index.php\/shop\/"},{"@type":"ListItem","position":3,"name":"Escarificador c\/ruedas Combisystem &#8211; 03395-20 (3u)"}]},{"@type":"WebSite","@id":"https:\/\/tiendatool.com\/#website","url":"https:\/\/tiendatool.com\/","name":"Tienda Tool","description":"Todo el equipamiento que necesitas en Tienda Tool.","alternateName":"Tienda Tool","potentialAction":[{"@type":"SearchAction","target":{"@type":"EntryPoint","urlTemplate":"https:\/\/tiendatool.com\/?s={search_term_string}"},"query-input":{"@type":"PropertyValueSpecification","valueRequired":true,"valueName":"search_term_string"}}],"inLanguage":"es"}]}},"acf":[],"_links":{"self":[{"href":"https:\/\/tiendatool.com\/index.php\/wp-json\/wp\/v2\/product\/3132"}],"collection":[{"href":"https:\/\/tiendatool.com\/index.php\/wp-json\/wp\/v2\/product"}],"about":[{"href":"https:\/\/tiendatool.com\/index.php\/wp-json\/wp\/v2\/types\/product"}],"wp:featuredmedia":[{"embeddable":true,"href":"https:\/\/tiendatool.com\/index.php\/wp-json\/wp\/v2\/media\/4479"}],"wp:attachment":[{"href":"https:\/\/tiendatool.com\/index.php\/wp-json\/wp\/v2\/media?parent=3132"}],"wp:term":[{"taxonomy":"product_cat","embeddable":true,"href":"https:\/\/tiendatool.com\/index.php\/wp-json\/wp\/v2\/product_cat?post=3132"},{"taxonomy":"product_tag","embeddable":true,"href":"https:\/\/tiendatool.com\/index.php\/wp-json\/wp\/v2\/product_tag?post=3132"}],"curies":[{"name":"wp","href":"https:\/\/api.w.org\/{rel}","templated":true}]}}