{"id":6542,"date":"2026-05-16T16:59:13","date_gmt":"2026-05-16T19:59:13","guid":{"rendered":""},"modified":"-0001-11-30T00:00:00","modified_gmt":"-0001-11-30T03:00:00","slug":"lampara-a-bateria-metabo-18v-bsa-18-1000-6015088","status":"publish","type":"product","link":"https:\/\/tiendatool.com\/index.php\/product\/lampara-a-bateria-metabo-18v-bsa-18-1000-6015088\/","title":{"rendered":"Lampara a bater\u00eda Metabo 18V BSA 18-1000"},"content":{"rendered":"<p>Proyector de obra compacto a bater\u00eda  1000 l\u00famenes de versatilidad Ilumin\u00e1 cada rinc\u00f3n con este potente foco LED port\u00e1til. Su cabeza giratoria 180\u00b0 permite ajustar la luz seg\u00fan tus necesidades, mientras que el gancho incorporado facilita su colocaci\u00f3n. Ideal para trabajos de corta distancia, ofrece dos niveles de intensidad y una autonom\u00eda pensada para durar toda la jornada laboral.<\/p>\n","protected":false},"excerpt":{"rendered":"<p>Proyector de obra compacto a bater\u00eda 1000 l\u00famenes de versatilidad Ilumin\u00e1 cada rinc\u00f3n con este potente foco LED port\u00e1til. Su cabeza giratoria 180\u00b0 permite ajustar la luz seg\u00fan tus necesidades, mientras que el gancho incorporado facilita su colocaci\u00f3n. Ideal para trabajos de corta distancia, ofrece dos niveles de intensidad y&hellip;<\/p>\n","protected":false},"featured_media":7415,"template":"","meta":{"_acf_changed":false},"product_cat":[254],"product_tag":[],"yoast_head":"<!-- This site is optimized with the Yoast SEO plugin v23.5 - https:\/\/yoast.com\/wordpress\/plugins\/seo\/ -->\n<title>Lampara a bater\u00eda Metabo 18V BSA 18-1000 - Tienda Tool<\/title>\n<meta name=\"robots\" content=\"index, follow, max-snippet:-1, max-image-preview:large, max-video-preview:-1\" \/>\n<link rel=\"canonical\" href=\"https:\/\/tiendatool.com\/index.php\/product\/lampara-a-bateria-metabo-18v-bsa-18-1000-6015088\/\" \/>\n<meta property=\"og:locale\" content=\"es_ES\" \/>\n<meta property=\"og:type\" content=\"article\" \/>\n<meta property=\"og:title\" content=\"Lampara a bater\u00eda Metabo 18V BSA 18-1000 - Tienda Tool\" \/>\n<meta property=\"og:description\" content=\"Proyector de obra compacto a bater\u00eda 1000 l\u00famenes de versatilidad Ilumin\u00e1 cada rinc\u00f3n con este potente foco LED port\u00e1til. Su cabeza giratoria 180\u00b0 permite ajustar la luz seg\u00fan tus necesidades, mientras que el gancho incorporado facilita su colocaci\u00f3n. Ideal para trabajos de corta distancia, ofrece dos niveles de intensidad y&hellip;\" \/>\n<meta property=\"og:url\" content=\"https:\/\/tiendatool.com\/index.php\/product\/lampara-a-bateria-metabo-18v-bsa-18-1000-6015088\/\" \/>\n<meta property=\"og:site_name\" content=\"Tienda Tool\" \/>\n<meta property=\"article:modified_time\" content=\"-0001-11-30T00:00:00+00:00\" \/>\n<meta property=\"og:image\" content=\"https:\/\/tiendatool.com\/wp-content\/uploads\/2026\/05\/6015088.png\" \/>\n\t<meta property=\"og:image:width\" content=\"600\" \/>\n\t<meta property=\"og:image:height\" content=\"600\" \/>\n\t<meta property=\"og:image:type\" content=\"image\/png\" \/>\n<meta name=\"twitter:card\" content=\"summary_large_image\" \/>\n<script type=\"application\/ld+json\" class=\"yoast-schema-graph\">{\"@context\":\"https:\/\/schema.org\",\"@graph\":[{\"@type\":\"WebPage\",\"@id\":\"https:\/\/tiendatool.com\/index.php\/product\/lampara-a-bateria-metabo-18v-bsa-18-1000-6015088\/\",\"url\":\"https:\/\/tiendatool.com\/index.php\/product\/lampara-a-bateria-metabo-18v-bsa-18-1000-6015088\/\",\"name\":\"Lampara a bater\u00eda Metabo 18V BSA 18-1000 - Tienda Tool\",\"isPartOf\":{\"@id\":\"https:\/\/tiendatool.com\/#website\"},\"primaryImageOfPage\":{\"@id\":\"https:\/\/tiendatool.com\/index.php\/product\/lampara-a-bateria-metabo-18v-bsa-18-1000-6015088\/#primaryimage\"},\"image\":{\"@id\":\"https:\/\/tiendatool.com\/index.php\/product\/lampara-a-bateria-metabo-18v-bsa-18-1000-6015088\/#primaryimage\"},\"thumbnailUrl\":\"https:\/\/tiendatool.com\/wp-content\/uploads\/2026\/05\/6015088.png\",\"datePublished\":\"2026-05-16T19:59:13+00:00\",\"dateModified\":\"-0001-11-30T00:00:00+00:00\",\"breadcrumb\":{\"@id\":\"https:\/\/tiendatool.com\/index.php\/product\/lampara-a-bateria-metabo-18v-bsa-18-1000-6015088\/#breadcrumb\"},\"inLanguage\":\"es\",\"potentialAction\":[{\"@type\":\"ReadAction\",\"target\":[\"https:\/\/tiendatool.com\/index.php\/product\/lampara-a-bateria-metabo-18v-bsa-18-1000-6015088\/\"]}]},{\"@type\":\"ImageObject\",\"inLanguage\":\"es\",\"@id\":\"https:\/\/tiendatool.com\/index.php\/product\/lampara-a-bateria-metabo-18v-bsa-18-1000-6015088\/#primaryimage\",\"url\":\"https:\/\/tiendatool.com\/wp-content\/uploads\/2026\/05\/6015088.png\",\"contentUrl\":\"https:\/\/tiendatool.com\/wp-content\/uploads\/2026\/05\/6015088.png\",\"width\":600,\"height\":600},{\"@type\":\"BreadcrumbList\",\"@id\":\"https:\/\/tiendatool.com\/index.php\/product\/lampara-a-bateria-metabo-18v-bsa-18-1000-6015088\/#breadcrumb\",\"itemListElement\":[{\"@type\":\"ListItem\",\"position\":1,\"name\":\"Portada\",\"item\":\"https:\/\/tiendatool.com\/\"},{\"@type\":\"ListItem\",\"position\":2,\"name\":\"Shop\",\"item\":\"https:\/\/tiendatool.com\/index.php\/shop\/\"},{\"@type\":\"ListItem\",\"position\":3,\"name\":\"Lampara a bater\u00eda Metabo 18V BSA 18-1000\"}]},{\"@type\":\"WebSite\",\"@id\":\"https:\/\/tiendatool.com\/#website\",\"url\":\"https:\/\/tiendatool.com\/\",\"name\":\"Tienda Tool\",\"description\":\"Todo el equipamiento que necesitas en Tienda Tool.\",\"alternateName\":\"Tienda Tool\",\"potentialAction\":[{\"@type\":\"SearchAction\",\"target\":{\"@type\":\"EntryPoint\",\"urlTemplate\":\"https:\/\/tiendatool.com\/?s={search_term_string}\"},\"query-input\":{\"@type\":\"PropertyValueSpecification\",\"valueRequired\":true,\"valueName\":\"search_term_string\"}}],\"inLanguage\":\"es\"}]}<\/script>\n<!-- \/ Yoast SEO plugin. -->","yoast_head_json":{"title":"Lampara a bater\u00eda Metabo 18V BSA 18-1000 - Tienda Tool","robots":{"index":"index","follow":"follow","max-snippet":"max-snippet:-1","max-image-preview":"max-image-preview:large","max-video-preview":"max-video-preview:-1"},"canonical":"https:\/\/tiendatool.com\/index.php\/product\/lampara-a-bateria-metabo-18v-bsa-18-1000-6015088\/","og_locale":"es_ES","og_type":"article","og_title":"Lampara a bater\u00eda Metabo 18V BSA 18-1000 - Tienda Tool","og_description":"Proyector de obra compacto a bater\u00eda 1000 l\u00famenes de versatilidad Ilumin\u00e1 cada rinc\u00f3n con este potente foco LED port\u00e1til. Su cabeza giratoria 180\u00b0 permite ajustar la luz seg\u00fan tus necesidades, mientras que el gancho incorporado facilita su colocaci\u00f3n. Ideal para trabajos de corta distancia, ofrece dos niveles de intensidad y&hellip;","og_url":"https:\/\/tiendatool.com\/index.php\/product\/lampara-a-bateria-metabo-18v-bsa-18-1000-6015088\/","og_site_name":"Tienda Tool","article_modified_time":"-0001-11-30T00:00:00+00:00","og_image":[{"width":600,"height":600,"url":"https:\/\/tiendatool.com\/wp-content\/uploads\/2026\/05\/6015088.png","type":"image\/png"}],"twitter_card":"summary_large_image","schema":{"@context":"https:\/\/schema.org","@graph":[{"@type":"WebPage","@id":"https:\/\/tiendatool.com\/index.php\/product\/lampara-a-bateria-metabo-18v-bsa-18-1000-6015088\/","url":"https:\/\/tiendatool.com\/index.php\/product\/lampara-a-bateria-metabo-18v-bsa-18-1000-6015088\/","name":"Lampara a bater\u00eda Metabo 18V BSA 18-1000 - Tienda Tool","isPartOf":{"@id":"https:\/\/tiendatool.com\/#website"},"primaryImageOfPage":{"@id":"https:\/\/tiendatool.com\/index.php\/product\/lampara-a-bateria-metabo-18v-bsa-18-1000-6015088\/#primaryimage"},"image":{"@id":"https:\/\/tiendatool.com\/index.php\/product\/lampara-a-bateria-metabo-18v-bsa-18-1000-6015088\/#primaryimage"},"thumbnailUrl":"https:\/\/tiendatool.com\/wp-content\/uploads\/2026\/05\/6015088.png","datePublished":"2026-05-16T19:59:13+00:00","dateModified":"-0001-11-30T00:00:00+00:00","breadcrumb":{"@id":"https:\/\/tiendatool.com\/index.php\/product\/lampara-a-bateria-metabo-18v-bsa-18-1000-6015088\/#breadcrumb"},"inLanguage":"es","potentialAction":[{"@type":"ReadAction","target":["https:\/\/tiendatool.com\/index.php\/product\/lampara-a-bateria-metabo-18v-bsa-18-1000-6015088\/"]}]},{"@type":"ImageObject","inLanguage":"es","@id":"https:\/\/tiendatool.com\/index.php\/product\/lampara-a-bateria-metabo-18v-bsa-18-1000-6015088\/#primaryimage","url":"https:\/\/tiendatool.com\/wp-content\/uploads\/2026\/05\/6015088.png","contentUrl":"https:\/\/tiendatool.com\/wp-content\/uploads\/2026\/05\/6015088.png","width":600,"height":600},{"@type":"BreadcrumbList","@id":"https:\/\/tiendatool.com\/index.php\/product\/lampara-a-bateria-metabo-18v-bsa-18-1000-6015088\/#breadcrumb","itemListElement":[{"@type":"ListItem","position":1,"name":"Portada","item":"https:\/\/tiendatool.com\/"},{"@type":"ListItem","position":2,"name":"Shop","item":"https:\/\/tiendatool.com\/index.php\/shop\/"},{"@type":"ListItem","position":3,"name":"Lampara a bater\u00eda Metabo 18V BSA 18-1000"}]},{"@type":"WebSite","@id":"https:\/\/tiendatool.com\/#website","url":"https:\/\/tiendatool.com\/","name":"Tienda Tool","description":"Todo el equipamiento que necesitas en Tienda Tool.","alternateName":"Tienda Tool","potentialAction":[{"@type":"SearchAction","target":{"@type":"EntryPoint","urlTemplate":"https:\/\/tiendatool.com\/?s={search_term_string}"},"query-input":{"@type":"PropertyValueSpecification","valueRequired":true,"valueName":"search_term_string"}}],"inLanguage":"es"}]}},"acf":[],"_links":{"self":[{"href":"https:\/\/tiendatool.com\/index.php\/wp-json\/wp\/v2\/product\/6542"}],"collection":[{"href":"https:\/\/tiendatool.com\/index.php\/wp-json\/wp\/v2\/product"}],"about":[{"href":"https:\/\/tiendatool.com\/index.php\/wp-json\/wp\/v2\/types\/product"}],"wp:featuredmedia":[{"embeddable":true,"href":"https:\/\/tiendatool.com\/index.php\/wp-json\/wp\/v2\/media\/7415"}],"wp:attachment":[{"href":"https:\/\/tiendatool.com\/index.php\/wp-json\/wp\/v2\/media?parent=6542"}],"wp:term":[{"taxonomy":"product_cat","embeddable":true,"href":"https:\/\/tiendatool.com\/index.php\/wp-json\/wp\/v2\/product_cat?post=6542"},{"taxonomy":"product_tag","embeddable":true,"href":"https:\/\/tiendatool.com\/index.php\/wp-json\/wp\/v2\/product_tag?post=6542"}],"curies":[{"name":"wp","href":"https:\/\/api.w.org\/{rel}","templated":true}]}}